emainder when 1/(2*(-5)/(-90)) is divided by 7?
2
Let h(x) = -2 - 3*x + 5*x + 2*x. Let q = 32 - 6. Calculate the remainder when q is divided by h(4).
12
Let h = -83 + 140. What is the remainder when h is divided by 12?
9
Let b = -5 - -17. Suppose 40 = -0*r - 5*r. Let n = 55 + r. What is the remainder when n is divided by b?
11
Suppose 2*w - 10 - 4 = 0. Suppose -3*l = -g - 44, l + g - w = 1. What is the remainder when l is divided by 7?
6
Let a(z) = -z + 5. What is the remainder when 41 is divided by a(-4)?
5
Suppose 0*d - 2*d = 0. Suppose 23 = -d*x + x. What is the remainder when 68 is divided by x?
22
Let q(n) = -4*n + 6. Let m(f) = -2*f**2 - 3*f - 2. Let x be m(-2). Calculate the remainder when 63 is divided by q(x).
19
Suppose 0 = -3*v - v + 3*j + 24, 2*v - j = 10. Suppose v*b = 2*b + 15. What is the remainder when b is divided by 6?
3
Suppose 29 = -2*s + 3. Let d = s + 25. What is the remainder when 23 is divided by d?
11
Let v(a) = -a**2 - 11*a - 10. Let s(i) = -i**3 + 5*i**2 + i. What is the remainder when v(-7) is divided by s(5)?
3
Let f be ((14 - 4)*-1)/2. Let u(b) = b**2 + b + 3. Calculate the remainder when 45 is divided by u(f).
22
Suppose -w = 14 - 10. Calculate the remainder when (140/w)/(0 + -1) is divided by 19.
16
Suppose 4*i - 5*i + 148 = 5*q, -5*i = 2*q - 73. What is the remainder when 112 is divided by q?
25
Let g(u) = u**3 + 4*u**2 - 4*u. Calculate the remainder when g(3) is divided by 13.
12
Let l(r) = 15*r**2 + 1. Let h be 5/3*(7 + -4). Suppose 3*y - 6*y + 94 = 2*i, -y - h*i + 40 = 0. Calculate the remainder when y is divided by l(1).
14
Let f(z) = -1 + 4*z - 1 + 0 - 5*z. Let l be f(4). What is the remainder when (1/4)/(l/(-456)) is divided by 11?
8
Suppose -4*l - 10 + 2 = 0. What is the remainder when (152/l)/(-2) - 0 is divided by 13?
12
Calculate the remainder when 10/(-4 + 92/22) is divided by 14.
13
Let k be ((-69)/5)/((-1)/5). Suppose 2*o = -o - k. Let s = o - -32. What is the remainder when 17 is divided by s?
8
Let u(s) = -18*s - 13. Let x(h) = -12*h - 9. Let z(o) = 5*u(o) - 7*x(o). What is the remainder when z(-3) is divided by 9?
7
Suppose s + 2*s = 3*u + 3, -4*s - 1 = u. Suppose 10 = 2*o - s*o. Suppose -2*z = c - 5*z, o*c - 36 = 3*z. Calculate the remainder when 26 is divided by c.
8
Let c(b) = b**3 - 15*b**2 + b - 3. Calculate the remainder when 33 is divided by c(15).
9
Let c(x) = -4 - 13*x + 0 + 1 - 4. Let q(t) = -25*t - 13. Let k(h) = -11*c(h) + 6*q(h). What is the remainder when k(-1) is divided by 4?
2
Let h = 10 - -1. Let x be 4 + (-1 - (-1)/(-1)). Calculate the remainder when x/(-6) + (-128)/(-6) is divided by h.
10
Suppose 5*o - 3*m - 1 = 0, -4*o + 5*m = -8 + 15. What is the remainder when o is divided by 2?
0
Suppose 5*f + 7 = 2. Let a be f/(3/(63/(-1))). Suppose -3*r = -a - 33. What is the remainder when 52 is divided by r?
16
Suppose f = 40 - 4. Calculate the remainder when f is divided by 13.
10
Suppose -6 + 176 = 2*g. What is the remainder when g is divided by 22?
19
Let t = -28 + 68. Suppose l - 5*l = -288. Suppose -g - 5*d = -6*g + t, -4*g - 4*d + l = 0. Calculate the remainder when g is divided by 8.
5
Suppose 0 - 28 = -4*k. Calculate the remainder when 15 is divided by k.
1
Suppose h = 26 + 11. Calculate the remainder when h is divided by 13.
11
Let j = 76 + -42. Calculate the remainder when j is divided by 7/(-2*2/(-4)).
6
Suppose 3*o - u - 53 = 6, 4*u = -8. What is the remainder when 34 is divided by o?
15
Let g(v) = 4 - 5*v + 5 - 4*v. Let i be g(-7). Suppose 4*z - i = -x - 13, -3*z = -2*x + 85. What is the remainder when x is divided by 16?
15
Suppose -85 = -5*j + 60. Calculate the remainder when j is divided by 10.
9
Suppose -z + m - 7 = -23, 3*z = -m + 40. What is the remainder when 39 is divided by z?
11
Suppose 3*w - 8*w + 4*i = 1024, 407 = -2*w - i. Let x be w/(-10) - (-8)/(-20). Suppose 2*g - x = -0*g. What is the remainder when 18 is divided by g?
8
Let a = 25 + 5. Calculate the remainder when a is divided by 11.
8
Calculate the remainder when (-6)/(6*3/(-12)) + 98 is divided by 13.
11
Let t be 35 + 0 + (2 - -1). Let n = -26 + t. What is the remainder when 21 is divided by n?
9
Let i(p) = 2*p**2 + 5*p - 31. What is the remainder when i(7) is divided by 26?
24
Suppose 15 = 2*y - 1. Suppose 7*m - 115 = 2*m. Calculate the remainder when m is divided by y.
7
Suppose -s + 33 = -4*p, p = -4*s - 0*p + 183. Suppose 5*o - 55 = 5. What is the remainder when s is divided by o?
9
Let x = 15 + -9. Suppose -4*w + x = 2. What is the remainder when 1 is divided by w?
0
Let r(m) = 5*m - 10. Calculate the remainder when 6 is divided by r(3).
1
Let s(k) be the second derivative of 14*k**3/3 - k. Calculate the remainder when s(1) is divided by (-880)/(-44)*(0 - (-1)/2).
8
Let w(m) = 5*m + 19. Let n(o) = 2*o + 9. Let x(c) = -7*n(c) + 3*w(c). Let k be x(6). Suppose 2*v + v - 60 = k. Calculate the remainder when v is divided by 11.
9
Let j(v) = -4*v - 4. Let w(z) = z**3 - 5*z**2 - 6*z + 3. Let l be w(6). Let f be j(l). Let g = -5 - f. Calculate the remainder when g is divided by 6.
5
Let k(g) = g - 1. Let c(s) = -s**2 + 5*s - 9. Let n(d) = -c(d) + 6*k(d). Let l be n(3). Suppose l = 3*j - 27. What is the remainder when j is divided by 4?
2
Suppose 0 = -5*d + 7 + 93. Calculate the remainder when d is divided by 6.
2
Let b = 32 - -46. Calculate the remainder when b is divided by 20.
18
What is the remainder when 32 is divided by ((-22)/(-6))/(4/12)?
10
Let y be (-4)/(-6) + 177/(-9). Let o = -2 - y. What is the remainder when o is divided by 6?
5
Suppose -6*a - 72 = -10*a. Suppose h + 8 = 5*w, 4*h + a = 9*h + 4*w. What is the remainder when 5 is divided by h?
1
Let w(v) = 8*v + 33. What is the remainder when w(3) is divided by 12?
9
Suppose d = -3*s + 5, -4*d + 20 = -7*s + 3*s. Suppose -5*t + 70 = -2*u - 170, -t + 48 = d*u. Calculate the remainder when t is divided by 25.
23
Let b be (189/18)/((-6)/(-16)). Let h be 2/(-7) - (-8)/b. Let u = 10 - h. What is the remainder when u is divided by 4?
2
Suppose 4*g - 34 = 50. Let w = g - 7. Calculate the remainder when 26 is divided by w.
12
Let z = -38 - -58. Calculate the remainder when z is divided by 1/3 - 32/(-3).
9
Let w = 0 - 0. Suppose 0 = -2*i - 2*i + 24. What is the remainder when 12 is divided by i + -1*(w - 1)?
5
Suppose -57 = -i + 8. What is the remainder when i is divided by 34*4*4/32?
14
Calculate the remainder when 84 is divided by (174/18)/(1/3).
26
Calculate the remainder when ((-4)/(-6))/((-8)/(-156)) is divided by (28/21)/(2/6).
1
Let d = 78 - 55. Calculate the remainder when d is divided by 6.
5
Calculate the remainder when 54 is divided by ((12 - -2)/(-2))/(0 - 1).
5
Calculate the remainder when (9/(81/6))/(4/78) is divided by 8.
5
Suppose 0*g + 4*i = 4*g - 76, g + i - 17 = 0. Calculate the remainder when 71 is divided by g.
17
Let j be (-15)/(-1 + 4/5). Suppose -7*m + 2*m = -j. Calculate the remainder when 27 is divided by m.
12
Let t be 176/6 - (-2)/(-6). Let n = t - 9. What is the remainder when n is divided by (-5)/(-3 - -4) + 12?
6
Suppose 3*n - 434 = -5*u, 4*u + 0*u = -n + 343. What is the remainder when u is divided by 22?
19
Suppose 5*f + 8 = 4*d - 83, -89 = -5*d - 2*f. Suppose -5 - 15 = -4*y. What is the remainder when d is divided by y?
4
Let h = -1 + 3. Let w(y) = h + 1 - 2*y + 0*y. What is the remainder when w(-5) is divided by 7?
6
Let j = 144 - 52. Calculate the remainder when j is divided by 19.
16
Let c = -1 + 2. Let q(a) be the first derivative of a**4/4 + 2*a**3/3 + a + 3. What is the remainder when q(-2) is divided by c?
0
What is the remainder when 115/(-15)*(1 + -4) is divided by 4?
3
Suppose -m - 17 = 2*c - 6*c, -3*m + 5*c = 16. Let q(v) = v**3 - 4*v. What is the remainder when 42 is divided by q(m)?
12
Let d = 34 + -19. What is the remainder when 41 is divided by d?
11
Suppose 2*s - 6*s = 2*q - 54, 5*q - s = 80. Calculate the remainder when 31 is divided by q.
14
Suppose 5*u + 11 = 2*q, 2*u + 8 = -2*q + 3*q. Suppose q = 4*c - 34. Suppose -52 = -4*t + 100. What is the remainder when t is divided by c?
12
Suppose 2*p + s = 53, s - 2*s = -2*p + 43. Suppose p = -5*c + 8*c. Calculate the remainder when 28 is divided by c.
4
Let d be (2 + 15/(-6))*2. What is the remainder when -4 + 2 + (-26)/(-1) is divided by d*(-1 - 12/1)?